. Let q = -10 + p. Let t be 2 + 0 + -4 - q. What is the greatest common factor of 60 and t?
20
Suppose -3*p + 4*g + 0*g = 7, 28 = 4*p + 4*g. Suppose -4*r - 28 = -d - 2*d, -3*r = p*d - 21. Calculate the greatest common divisor of 10 and d.
2
Let c(r) = 66*r - 2580. Let m be c(51). What is the greatest common divisor of 6 and m?
6
Let b = 5755 + -4727. Calculate the highest common factor of 12 and b.
4
Suppose 296 = -541*b + 543*b. What is the highest common divisor of 18796 and b?
148
Suppose -8*w = -3*w + z + 19, -1 = -z. Let f(l) = 9*l**2 + 97*l - 10. Let q be f(-11). Let r = q - w. What is the greatest common factor of r and 32?
16
Let o(g) = g**2 + 25*g - 114. Let q be o(5). Calculate the highest common factor of 1172 and q.
4
Suppose -10*b - 12 = -12*b. Suppose -r - 4 = 0, -2*j + 3*r - b = -3*j. Calculate the greatest common factor of 24 and j.
6
Suppose 4 = 2*m - 0. Suppose 2*v = -m*l + 5*v + 636, 3*v + 6 = 0. Calculate the greatest common factor of l and 35.
35
Suppose 20*t + 49 = -51. Let z be 123/7 - (t - 312/(-56)). What is the greatest common divisor of z and 85?
17
Let p = -63 + 67. Let d be (-3 - 193/(-5)) + p/10. What is the highest common factor of d and 60?
12
Let c be -2*3/(-15)*90/(-36)*-993. Calculate the greatest common divisor of c and 3.
3
Suppose 0*a + 45 = 3*a + 3*p, -a + 5*p = -27. Suppose 4*t + 273 = a*t. What is the highest common divisor of 399 and t?
21
Suppose 4 = 6*u - 8*u, 0 = -5*w - 5*u + 650. Let s = w - -38. Calculate the highest common divisor of 68 and s.
34
Suppose 0*v - 4 = -4*v - 4*o, -3*v + 33 = -3*o. Let s(f) = 132*f - 6*f**2 + v + 11*f**2 - 133*f. Let c be s(5). Calculate the highest common factor of 18 and c.
18
Let g = 9398 - 5610. What is the highest common factor of g and 4?
4
Suppose -12*c + 135*c = 20264 + 88960. Calculate the greatest common factor of c and 28.
4
Suppose -3*g - 1520 = -4*r, -16*r + 2*g + 3104 = -2896. What is the highest common divisor of 407 and r?
11
Let c(h) = h**2 - 12*h + 7. Let d be c(11). Let l be ((2 - -1) + d)/((-1)/(-68)). Let s = l + 138. Calculate the greatest common divisor of 14 and s.
14
Let l be (-9 + (-8 - 3))*((-3560)/25 - 6). Calculate the greatest common factor of l and 14.
14
Suppose 434*g = 2*q + 431*g - 66, -2*q - 4*g + 24 = 0. What is the highest common factor of 13884 and q?
12
Let k = -13072 - -13082. What is the highest common factor of 24470 and k?
10
Let b = 4484 - 2831. Calculate the highest common divisor of b and 228.
57
Let u = 74 - 34. Let z(d) = d**3 + 7*d**2 + 20*d + 384. Let l be z(-6). What is the greatest common divisor of l and u?
20
Let g(f) = 1352*f + 3645. Let h be g(0). Calculate the greatest common divisor of h and 27.
27
Suppose -16*l = 30*l - 16974. Calculate the greatest common divisor of l and 36.
9
Suppose 0 = -4*m - 23*m + 104327 + 6076. What is the greatest common factor of 87 and m?
87
Let i be (-3 - 112/16)*-49. What is the greatest common factor of i and 875?
35
Let p be (3/10)/(6/60). Let i be (p - (-503)/(-1))*8/(-20). Suppose 3*h = -2*y + 42 - 10, 2*y - 48 = -5*h. Calculate the highest common factor of i and h.
8
Let m(k) = k**3 - 9*k**2 - 36*k + 2. Let d be m(13). Let z = d - -198. Calculate the highest common divisor of 51 and z.
51
Let b(g) = -11*g**2 + 3*g + 2. Let w be b(-2). Let i = 53 + w. Suppose 0 = i*o - 14 + 9. Calculate the greatest common divisor of 4 and o.
1
Let b = 29 + -11. Let x be 177/((-1)/(0 - 5/5)). Let n = x - 168. What is the greatest common divisor of n and b?
9
Let i be 264/27 + 4/18. Let f be 39*7/(-2)*8/(-6). Suppose 0 + 2 = -2*a, 2*v - 2*a - f = 0. Calculate the greatest common divisor of v and i.
10
Let t(g) = g**3 - 2*g**2 - g - 2. Let q be t(3). Let x be q/(16/(-6) + 3). Let h = 52 - -56. What is the highest common divisor of h and x?
12
Let i = -18 + 15. Let k be (i + -20)*6/(12/(-2)). What is the highest common factor of 184 and k?
23
Suppose 5*d - 11*k = -12*k + 50, -2*d - 2 = -4*k. Let y(j) = 7*j**2 - 25*j + 106. Let s be y(d). What is the greatest common divisor of 14 and s?
14
Suppose -2*k + 744 = -9*r + 5*r, -1428 = -4*k - 2*r. Calculate the greatest common factor of 3870 and k.
90
Let u(t) = 12*t - 79. Let l be u(7). Suppose 106*i - 110*i + 8 = 0. What is the greatest common divisor of l and i?
1
Suppose 9024*z - 8983*z = 2952. Calculate the greatest common factor of z and 4056.
24
Let o(h) = 8*h - 6. Let z be o(1). Suppose 12*b = -z*b + 392. What is the greatest common factor of 476 and b?
28
Suppose 80 = p + 2*a, 3*a + 5 = 2*a. Let x = -233 + 287. What is the greatest common divisor of x and p?
18
Suppose 105 = 4*b - 5*y + 436, -198 = 2*b + 4*y. Let u = b + 128. Suppose 0 + u = 3*o. Calculate the greatest common divisor of o and 52.
13
Let j = 453 + -779. Let z = j - -341. Calculate the highest common factor of 50 and z.
5
Let o = -61 + 58. Let k be (-1 - o) + 4/4. Suppose 300 = k*n + 2*n. Calculate the greatest common divisor of n and 40.
20
Let a be (0 - -195) + -35 + 42 + -18. Calculate the greatest common divisor of a and 184.
184
Suppose 68 - 548 = -g. Suppose -v + 131 = 4*p - 96, 2*v - 5*p - g = 0. Calculate the greatest common divisor of 47 and v.
47
Let h(l) = 46 - 36*l - 34*l + 68*l. Let w be h(20). Let m be 91/w + (-2)/12. Calculate the greatest common divisor of m and 30.
15
Let l be (32 - 12)/(4/30). Suppose -5*u - 80 = -2*f, -4*f + 132 = -947*u + 944*u. What is the greatest common factor of f and l?
30
Let b be -6*10/(-45) + 8*27188/24. What is the highest common factor of 88 and b?
88
Let n = -1278 - -1890. Suppose n = 9*o - 3*o. Suppose 2*a = 2*x - 44, -2*x = 2*x + 3*a - o. Calculate the greatest common divisor of 264 and x.
24
Suppose 0 = -72*i + 67*i + 10. Suppose i*v - 26 - 54 = 0. What is the highest common divisor of 80 and v?
40
Suppose 9*a + 492 = 11*a + 2*q, -3 = -q. Let i(w) = -2*w + 27. Let p be (2/6*0)/2. Let j be i(p). Calculate the highest common divisor of a and j.
27
Suppose 1402*q - 1311*q = 58968. What is the highest common factor of q and 2349?
81
Suppose -2*b + 4*t + 3038 = 0, -3*t = -b + 76 + 1443. Calculate the highest common factor of b and 49.
49
Let w = 337 - 183. Suppose -w = 28*m - 50*m. Suppose 5*b - 145 - 135 = 0. What is the greatest common factor of m and b?
7
Let v be ((-25092)/27)/((-28)/21). Calculate the greatest common factor of 328 and v.
41
Let q(u) = -u**3 - 13*u**2 - 11*u + 16. Let w be q(-12). Suppose -w*f + 10*f = 252. Let r = f + -36. Calculate the highest common divisor of r and 48.
6
Let y(s) = s**3 + 41*s**2 + 11*s - 879. Let q be y(-40). What is the greatest common divisor of q and 562?
281
Let k be (5 + 304/(-56))*-4438. Calculate the greatest common divisor of k and 78.
6
Let q = 0 - -27. Let f be (-10)/5 + -3 - 183. Let c be f/(-60) - 4/30. What is the greatest common factor of q and c?
3
Suppose 21*d - 43*d + 20*d = -72. What is the highest common divisor of d and 15516?
36
Suppose -47*z = 44*z - 19999 - 21. Suppose 5*o - 54 = 56. What is the highest common divisor of z and o?
22
Let n(f) = -f**2 - 9*f - 1. Let d be n(-6). Let o = -3 - -15. Suppose 4*h - o = 0, 5*i - 155 = 3*h + 2*h. What is the highest common divisor of d and i?
17
Let m be ((-312)/(-4524) - (6204/(-29) + 0)) + -4. What is the highest common divisor of m and 330?
30
Let u(o) = -o**3 - 61*o**2 - 52*o + 483. Let s be u(-60). What is the greatest common factor of s and 1479?
3
Suppose 284*i - 9380 = 270*i. Calculate the greatest common divisor of 50 and i.
10
Suppose 10*n + 67342 = 85462. What is the greatest common divisor of 3 and n?
3
Let c = -11 + 41. Suppose -3*r = 3*k - 159 - 6, 305 = 5*k - r. Calculate the highest common divisor of k and c.
30
Let s(i) = -2*i**3 - 6*i**2 + 99*i + 1363. Let q be s(-11). What is the highest common factor of q and 260?
130
Let w = -639 - -782. Calculate the highest common divisor of w and 52.
13
Suppose -50 = -8*q + 30. Suppose 0*c + c - q = 0. Suppose -91 = -c*v + 29. Calculate the highest common factor of 48 and v.
12
Let i = -7556 - -7576. Calculate the greatest common divisor of 445 and i.
5
Let j = -96 + 176. Let a be ((-14)/(-28))/(-7 - 3370/(-480)). Calculate the highest common factor of j and a.
8
Suppose 3*d = 2*f + 9, 4*f = -d - 0*f - 11. Let q be 0/12 + (-2 - 24/(-4)). Calculate the highest common d